et s be v(14). Let o = -126 - -176. Let c = s + o. List the prime factors of c.
3, 19
Let m be (-21 + 4)/(4/(-16)). Let w = 189 - m. What are the prime factors of w?
11
Let u = 20 - 15. Suppose u*m - 2*m - 137 = -5*k, -4*k + 96 = -m. Let b = k - -2. List the prime factors of b.
3
Let h = -93816 + 155639. List the prime factors of h.
211, 293
Let a(c) = -c**3 - c**2 + 14*c + 10. Let j be a(-4). Suppose 0 = -5*k + 5*f + 540, -j*k + 0*f = -4*f - 214. What are the prime factors of k?
109
What are the prime factors of (42 - -1)/(2/(-26)*37/(-74))?
2, 13, 43
Let z(t) = 5*t + 78. Let i be z(-14). Suppose -7*y = -i*y + m + 24, -3*y = -m - 64. List the prime factors of y.
2, 5
Let n = -2238 + 7126. Suppose -n = -10*g + 9832. List the prime factors of g.
2, 23
Suppose 171462 = -16*o + 412214. What are the prime factors of o?
41, 367
Let l = 24744 + -23247. Let h be 2/(-6) - (-2060)/6. Suppose -l = -8*o + h. List the prime factors of o.
2, 5, 23
Suppose 3 = -6*w + 7*w. Suppose -w*m - 5*r + 440 = -0*r, -4*m + 564 = r. Let f = 250 - m. What are the prime factors of f?
2, 5, 11
Suppose -105*z + 3230076 + 2877844 = 25*z. List the prime factors of z.
2, 7, 839
Let y be (1 + -1 + 3)*11. Let a = 38 - y. Suppose -a*j = 3*i - 150, 2*i + 2*j = 3*i - 50. List the prime factors of i.
2, 5
Suppose 76*j = 60*j + 52747 + 60325. What are the prime factors of j?
37, 191
Let m(f) = 36*f**2 - 44*f - 213. What are the prime factors of m(-13)?
17, 379
Suppose n = 3*c - 2*n - 219, -c + 3*n = -65. Let v(g) = g**3 - g**2 + 7*g + 7. Let t be v(3). Suppose t + c = 3*z. List the prime factors of z.
41
Suppose -18 = 3*b - 54. Let p(j) = 30*j**2 + 12 - b*j**2 - 16 + 5*j - 25 - j**3. What are the prime factors of p(18)?
61
Let v(o) be the third derivative of -o**6/120 - o**5/6 - 11*o**4/12 - o**3/6 - o**2 + 85*o. What are the prime factors of v(-11)?
2, 181
What are the prime factors of -5 - ((-12987 - -6) + -11)?
3, 13, 37
Let g(h) = -8*h - 38. Let u(q) = 8*q + 34. Let w(t) = -5*g(t) - 4*u(t). What are the prime factors of w(8)?
2, 59
Let v = -1902 + 2336. List the prime factors of v.
2, 7, 31
Let s be ((-2820)/(-658))/(6/28). What are the prime factors of 1336/s*10/4?
167
Let x be (1 - 2)*(-1 + -6 - -1). Suppose 0 = 5*o + 2*g + 39, 0 = -o - g - 0 - x. Let i(b) = 3*b**2 - 3*b - 16. List the prime factors of i(o).
2, 127
Let h be ((-18)/(-24))/(9/24). Let z be (-4)/(-3)*(3/h + 3). Suppose 64 = z*q + 2*q. List the prime factors of q.
2
Let o = -15952 - -23005. Suppose 12*v = -o + 20673. List the prime factors of v.
5, 227
List the prime factors of 45/3 - (-20)/70*-14.
11
What are the prime factors of -1 - -2 - (-29164 + -472)?
3, 37, 89
Let y be (20/(-8) + 4)*-2 + 159. List the prime factors of 92/(-6)*y/(-8).
13, 23
Let s(u) = u**2 + 7*u + 10. Let i be s(-6). Suppose i*a - 68 = 8. Suppose -5*b + 1 = -a. List the prime factors of b.
2
Let f(p) = -6 + 18 + 44*p + 58*p. List the prime factors of f(4).
2, 3, 5, 7
Let j = -31 - -10. Let o(l) = l**2 + 21*l. Let w be o(j). Suppose 4*x + h = 10 + 35, w = x - h - 15. What are the prime factors of x?
2, 3
Let w(l) = 60*l**2 - 27*l - 137. Let a be w(-5). Let i = a + -891. List the prime factors of i.
607
Let q(y) = y**2 - 2*y - 1. Let t be q(-1). Suppose t*z - 1422 = -7*z. List the prime factors of z.
2, 79
Let x be (-270)/27 - 14*-1. Suppose -5*a - 2*h + 16 = -3*h, 4 = 3*a - 2*h. List the prime factors of (16/(-12))/(x/(-168)*a).
2, 7
Let h(o) = 121*o**2 + 261*o + 1891. List the prime factors of h(-7).
13, 461
Let j = 129 + -125. Suppose -8*f = -j*f - 56. List the prime factors of f.
2, 7
Let s(t) = -315*t + 136. Let q be s(-6). Let p = -977 + q. What are the prime factors of p?
1049
Suppose -f = 4*d - 12146, -4*f + 48573 = -19*d + 24*d. What are the prime factors of f?
2, 13, 467
Suppose -h - 5*d + 157 = -472, 2*h + 3*d - 1272 = 0. List the prime factors of h.
3, 71
Suppose -3*r + 64 = 4*t, 2*r = 3*r. Suppose 5*s + t + 777 = 4*d, 172 = d + 4*s. What are the prime factors of d?
2, 3
Suppose d + 2824 = 5*d - p, 0 = -4*d - p + 2824. Suppose -d = -51*j + 49*j. Let w = j + -163. What are the prime factors of w?
2, 5, 19
Suppose 50*r = -73*r + 1685223. List the prime factors of r.
3, 4567
Let k be 165/(-44) + -2*1/8. Let a(t) = -t**2 - 6*t + 2. Let c be a(k). Suppose 0 = -c*s + 1315 + 215. List the prime factors of s.
3, 17
Let v(q) = q**2 - 60*q + 4049. List the prime factors of v(0).
4049
Let g = -178 + 182. Suppose g*n - 3794 + 350 = 0. What are the prime factors of n?
3, 7, 41
Suppose -38*d = -36*d - 1216. Suppose -4*k + d = -456. What are the prime factors of k?
2, 7, 19
Let b(v) = -451*v - 97. List the prime factors of b(-18).
13, 617
Suppose 42*b + 12*b - 763676 = -17*b. List the prime factors of b.
2, 2689
Let u(c) = c**3 - 13*c**2 + 37*c + 20. Suppose -3*k = 5*x - 78 + 9, x = -4*k + 7. What are the prime factors of u(x)?
5, 41
Let g be (-18)/(-30)*(-40)/(-12). Suppose -n - g*n + 5*q + 1237 = 0, -827 = -2*n + q. List the prime factors of n.
2, 3, 23
Let g = 202 + -1290. Let v = -295 - g. What are the prime factors of v?
13, 61
Let p = 4534 + 76324. What are the prime factors of p?
2, 40429
Let x(l) = 3*l**3 + 287*l**2 + 152*l + 83. List the prime factors of x(-95).
3, 1231
Let b(a) = -a**3 - 10*a**2 + a + 11. Let l(q) = -q**3 + 27*q**2 - 26*q - 10. Let v be l(26). Let u be b(v). List the prime factors of 24/(-18)*(u + -97*1).
2
Let r = -10 - -14. Suppose r*h - 4*u - 131 = 61, -h + 2*u = -44. Suppose d - h = -0*d. What are the prime factors of d?
2, 13
Suppose -3 = -3*u, 116 = 5*q + u - 105. Suppose -q = -7*m + 18*m. List the prime factors of m*(-681)/24*2.
227
Suppose 2*c - 14 = -10. Suppose -3*v + 4*a = -33, 3*a = -0*v + c*v - 22. What are the prime factors of 33/v*(-1 + 4)?
3
Suppose u = 5*u - 8. Suppose 1434 = 4*d + 5*r - 2108, 0 = -u*d - r + 1768. What are the prime factors of d?
883
Let r = 125 + -119. Suppose 5*b - 1452 = -3*a, 4*b - r*a = -2*a + 1168. Suppose -4*k = i - b, -5*i - 4*k = k - 1485. List the prime factors of i.
13, 23
Suppose 0 = -9*s + 2*s. Suppose 0*z - 15 = -3*z. Suppose s = 5*y + z*p - 55, -3*y + 56 = -5*p - 1. List the prime factors of y.
2, 7
Suppose 53592 = 26287*x - 26275*x. List the prime factors of x.
2, 7, 11, 29
Suppose 12*o - c - 18530 = 7*o, -5*o + 5*c + 18510 = 0. Suppose -21*t + o = -30880. List the prime factors of t.
3, 61
Let f(k) = 15*k**2 - 24*k + 10. Let j(b) = -b**2 + b - 4. Let d(r) = f(r) + 4*j(r). List the prime factors of d(-6).
2, 3, 5, 17
Let i = 4799 + 2359. What are the prime factors of i?
2, 3, 1193
Let w = 37833 - 24755. What are the prime factors of w?
2, 13, 503
Suppose 0 = -69*z - 33*z + 3291387 - 772905. What are the prime factors of z?
24691
Let v = 1326 - 626. Suppose y - 2*y - 4*g - 122 = 0, -5*y - 2*g - v = 0. Let x = y - -210. List the prime factors of x.
2, 17
Let g = -8225 - -20661. What are the prime factors of g?
2, 3109
Suppose c - 3*n - 17 = -0*c, -3*n = -4*c + 41. Let o(h) = h**3 + 13*h**2 - 80*h - 8. What are the prime factors of o(c)?
2, 3, 29
Let g(w) = -w**3 - 6*w**2 - 14*w - 1. Let n be g(-2). Suppose -22*l + n*l = -6721. List the prime factors of l.
13, 47
Suppose -32*s + 1604680 = 17*s + 28*s. List the prime factors of s.
2, 5, 521
Suppose -7*t + 48 = 27. Suppose y = -3, 1115 = -13*c + 17*c + t*y. List the prime factors of c.
281
Let c(t) = -t**2 + 7*t + 23. Let a be c(9). Suppose a*x = -x + 42. Suppose 74 = x*g + 11. What are the prime factors of g?
3
Let p be (1 - 4/3) + (-5124)/(-252). Suppose 6066 = p*t + 1346. List the prime factors of t.
2, 59
Suppose 14 = 5*a + 4. Suppose 3*o - a*g - 25 = 0, 4*o - 5*o + 5*g - 9 = 0. Suppose 4*u - 2*q + o = 27, -3*q - 12 = -2*u. What are the prime factors of u?
3
Let b = -988 - -1717. Let r be -4 + 4 + b/3. Suppose 0 = 3*p - r + 6. List the prime factors of p.
79
Suppose -4*g + 15 = g - n, 0 = 5*g - 5*n + 5. Suppose g*x = x. Suppose 144 = 2*c - 2*a - 2*a, c - 3*a - 68 = x. List the prime factors of c.
2, 5
Let n(t) = 3*t**2 + t - 1. Let j be n(1). Suppose -159 = 6*k - 1251. What are the prime factors of 1/j - k/(-3)?
61
Suppose -4*g = 5*q - 34758, 149*g + 4*q = 145*g + 34760. List the prime factors of g.
2, 41, 53
Suppose 4*n = 3*m - 25947, -38*n + 6*n = -2*m + 17210. List the prime factors of m.
17, 509
Let n(d) = 2*d + 